{"id":24453,"date":"2025-09-30T03:02:34","date_gmt":"2025-09-30T03:02:34","guid":{"rendered":"https:\/\/atuk.com.ec\/2025\/?page_id=24453"},"modified":"2025-10-03T21:06:53","modified_gmt":"2025-10-04T02:06:53","slug":"blog","status":"publish","type":"page","link":"https:\/\/atuk.com.ec\/2025\/blog\/","title":{"rendered":"Blog ATUK"},"content":{"rendered":"\t\t<div data-elementor-type=\"wp-page\" data-elementor-id=\"24453\" class=\"elementor elementor-24453\" data-elementor-post-type=\"page\">\n\t\t\t\t<div class=\"elementor-element elementor-element-6afa733 e-flex e-con-boxed e-con e-parent\" data-id=\"6afa733\" data-element_type=\"container\" data-e-type=\"container\">\n\t\t\t\t\t<div class=\"e-con-inner\">\n\t\t\t\t<div class=\"elementor-element elementor-element-3ecf91a listing-pagination-border-style-gradient listing-pagination-background-style-solid elementor-widget elementor-widget-neuros_blog_listing\" data-id=\"3ecf91a\" data-element_type=\"widget\" data-e-type=\"widget\" data-widget_type=\"neuros_blog_listing.default\">\n\t\t\t\t<div class=\"elementor-widget-container\">\n\t\t\t\t\t\n        <div class=\"archive-listing\" data-ajax='{&quot;post_type&quot;:&quot;post&quot;,&quot;post_status&quot;:&quot;publish&quot;,&quot;posts_per_page&quot;:3,&quot;offset&quot;:false,&quot;orderby&quot;:&quot;date&quot;,&quot;order&quot;:&quot;desc&quot;,&quot;paged&quot;:1,&quot;category_name&quot;:&quot;&quot;,&quot;tag&quot;:&quot;&quot;,&quot;post__in&quot;:&quot;&quot;,&quot;ignore_sticky_posts&quot;:false,&quot;link_base&quot;:&quot;https:\\\/\\\/atuk.com.ec\\\/2025\\\/wp-json\\\/wp\\\/v2\\\/pages\\\/24453&quot;}' data-widget='{&quot;listing_type&quot;:&quot;classic&quot;,&quot;excerpt_length&quot;:190,&quot;show_cat&quot;:&quot;yes&quot;,&quot;show_media&quot;:&quot;yes&quot;,&quot;show_author&quot;:&quot;yes&quot;,&quot;show_date&quot;:&quot;yes&quot;,&quot;show_title&quot;:&quot;yes&quot;,&quot;show_tags&quot;:&quot;no&quot;,&quot;show_excerpt&quot;:&quot;yes&quot;,&quot;show_read_more&quot;:&quot;yes&quot;,&quot;read_more_text&quot;:&quot;Read More&quot;,&quot;columns_number&quot;:1,&quot;show_pagination&quot;:&quot;yes&quot;,&quot;item_class&quot;:&quot;post standard-blog-item-wrapper&quot;}'>\n            <div class=\"archive-listing-wrapper classic-listing\">\n                \n<div class=\"standard-blog-item-wrapper post post-25108 type-post status-publish format-standard has-post-thumbnail hentry category-blog tag-atuk tag-blog\">\n    <div class=\"blog-item\">\n        <div class=\"post-media-wrapper\"><a href=\"https:\/\/atuk.com.ec\/2025\/seminario-internacional-de-economia-circular\"><picture><source media=\"(max-width: 575px)\" sizes=\"(max-width: 575px) 575px\" srcset=\"https:\/\/atuk.com.ec\/2025\/wp-content\/uploads\/2025\/10\/galeria-blog-12082025-04-575x274.webp 575w\"><source media=\"(max-width: 991px)\" sizes=\"(max-width: 991px) 991px\" srcset=\"https:\/\/atuk.com.ec\/2025\/wp-content\/uploads\/2025\/10\/galeria-blog-12082025-04-991x472.webp 991w\"><img decoding=\"async\" alt=\"galeria-blog-12082025-04\" title=\"galeria-blog-12082025-04\" src=\"https:\/\/atuk.com.ec\/2025\/wp-content\/uploads\/2025\/10\/galeria-blog-12082025-04-1280x638.webp\" class=\"attachment-post-thumbnail size-post-thumbnail wp-post-image\" \/><\/picture><\/a><\/div><div class=\"post-meta-header\"><div class=\"post-meta-items-wrapper\"><div class=\"post-meta-items\"><div class=\"post-meta-item post-meta-item-date\"><a href=\"https:\/\/atuk.com.ec\/2025\/2025\/10\/02\/\">octubre 2, 2025<\/a><\/div><div class=\"post-meta-item post-meta-item-author\"><a href=\"https:\/\/atuk.com.ec\/2025\/author\/Jamil_Vera\/\">Jamil Vera<\/a><\/div><\/div><\/div><\/div><h3 class=\"post-title\"><a href=\"https:\/\/atuk.com.ec\/2025\/seminario-internacional-de-economia-circular\">Seminario Internacional de Econom\u00eda Circular<\/a><\/h3><div class=\"post-content\">El 17 y 18 de junio de 2025, se desarroll\u00f3 con \u00e9xito el evento m\u00e1s grande de econom\u00eda circular del Ecuador organizado por Fundaci\u00f3n ACRA, la Universidad de las Am\u00e9ricas (UDLA), el Grup<\/div><div class=\"post-labels\"><div class=\"post-categories\"><a class=\"post-category-item\" href=\"https:\/\/atuk.com.ec\/2025\/category\/blog\/\">Blog<\/a><\/div><\/div><div class=\"post-more-button\"><a href=\"https:\/\/atuk.com.ec\/2025\/seminario-internacional-de-economia-circular\"><span>Read More<\/span><svg viewBox=\"0 0 13 20\"><polyline points=\"0.5 19.5 3 19.5 12.5 10 3 0.5\" \/><\/svg><\/a><\/div>    <\/div>\n<\/div>\n<div class=\"standard-blog-item-wrapper post post-25096 type-post status-publish format-standard has-post-thumbnail hentry category-blog tag-atuk tag-blog\">\n    <div class=\"blog-item\">\n        <div class=\"post-media-wrapper\"><a href=\"https:\/\/atuk.com.ec\/2025\/herramienta-de-modelacion-hidrologica-fonag-3-0-by-atuk\"><picture><source media=\"(max-width: 575px)\" sizes=\"(max-width: 575px) 575px\" srcset=\"https:\/\/atuk.com.ec\/2025\/wp-content\/uploads\/2025\/10\/Blog-ATUK-575x274.webp 575w\"><source media=\"(max-width: 991px)\" sizes=\"(max-width: 991px) 991px\" srcset=\"https:\/\/atuk.com.ec\/2025\/wp-content\/uploads\/2025\/10\/Blog-ATUK-991x472.webp 991w\"><img decoding=\"async\" alt=\"Blog-ATUK\" title=\"Blog-ATUK\" src=\"https:\/\/atuk.com.ec\/2025\/wp-content\/uploads\/2025\/10\/Blog-ATUK.webp\" class=\"attachment-post-thumbnail size-post-thumbnail wp-post-image\" \/><\/picture><\/a><\/div><div class=\"post-meta-header\"><div class=\"post-meta-items-wrapper\"><div class=\"post-meta-items\"><div class=\"post-meta-item post-meta-item-date\"><a href=\"https:\/\/atuk.com.ec\/2025\/2025\/10\/02\/\">octubre 2, 2025<\/a><\/div><div class=\"post-meta-item post-meta-item-author\"><a href=\"https:\/\/atuk.com.ec\/2025\/author\/Jamil_Vera\/\">Jamil Vera<\/a><\/div><\/div><\/div><\/div><h3 class=\"post-title\"><a href=\"https:\/\/atuk.com.ec\/2025\/herramienta-de-modelacion-hidrologica-fonag-3-0-by-atuk\">Herramienta de modelaci\u00f3n hidrol\u00f3gica FONAG 3.0 by ATUK<\/a><\/h3><div class=\"post-content\">El Fondo para la Protecci\u00f3n de Cuencas y Agua (FONAG) cuenta con un modelo hidrol\u00f3gico denominado modelo FONAG 3.0 by ATUK que permite recrear los procesos hidrol\u00f3gicos del ecosistema p\u00e1<\/div><div class=\"post-labels\"><div class=\"post-categories\"><a class=\"post-category-item\" href=\"https:\/\/atuk.com.ec\/2025\/category\/blog\/\">Blog<\/a><\/div><\/div><div class=\"post-more-button\"><a href=\"https:\/\/atuk.com.ec\/2025\/herramienta-de-modelacion-hidrologica-fonag-3-0-by-atuk\"><span>Read More<\/span><svg viewBox=\"0 0 13 20\"><polyline points=\"0.5 19.5 3 19.5 12.5 10 3 0.5\" \/><\/svg><\/a><\/div>    <\/div>\n<\/div>\n<div class=\"standard-blog-item-wrapper post post-25084 type-post status-publish format-standard has-post-thumbnail hentry category-blog tag-atuk tag-blog\">\n    <div class=\"blog-item\">\n        <div class=\"post-media-wrapper\"><a href=\"https:\/\/atuk.com.ec\/2025\/gobiernos-locales-de-manabi-planifican-proyectos-para-la-adaptacion-al-cambio-climatico-basada-en-ecosistemas\"><picture><source media=\"(max-width: 575px)\" sizes=\"(max-width: 575px) 575px\" srcset=\"https:\/\/atuk.com.ec\/2025\/wp-content\/uploads\/2025\/10\/GYcCT_rbMAACqmV-2048x1536-1-575x274.webp 575w\"><source media=\"(max-width: 991px)\" sizes=\"(max-width: 991px) 991px\" srcset=\"https:\/\/atuk.com.ec\/2025\/wp-content\/uploads\/2025\/10\/GYcCT_rbMAACqmV-2048x1536-1-991x472.webp 991w\"><img decoding=\"async\" alt=\"GYcCT_rbMAACqmV-2048x1536\" title=\"GYcCT_rbMAACqmV-2048x1536\" src=\"https:\/\/atuk.com.ec\/2025\/wp-content\/uploads\/2025\/10\/GYcCT_rbMAACqmV-2048x1536-1-1340x638.webp\" class=\"attachment-post-thumbnail size-post-thumbnail wp-post-image\" \/><\/picture><\/a><\/div><div class=\"post-meta-header\"><div class=\"post-meta-items-wrapper\"><div class=\"post-meta-items\"><div class=\"post-meta-item post-meta-item-date\"><a href=\"https:\/\/atuk.com.ec\/2025\/2025\/10\/02\/\">octubre 2, 2025<\/a><\/div><div class=\"post-meta-item post-meta-item-author\"><a href=\"https:\/\/atuk.com.ec\/2025\/author\/Jamil_Vera\/\">Jamil Vera<\/a><\/div><\/div><\/div><\/div><h3 class=\"post-title\"><a href=\"https:\/\/atuk.com.ec\/2025\/gobiernos-locales-de-manabi-planifican-proyectos-para-la-adaptacion-al-cambio-climatico-basada-en-ecosistemas\">Gobiernos locales de Manab\u00ed planifican proyectos para la Adaptaci\u00f3n al cambio clim\u00e1tico basada en Ecosistemas<\/a><\/h3><div class=\"post-content\">Inspirados por la acci\u00f3n: Dos ideas clave de la cumbre B for Good Leaders 2024 La reciente Cumbre B for Good Leaders Summit (https:\/\/www.bforgoodleaders.org\/summit-2024\/) en \u00c1msterdam reun<\/div><div class=\"post-labels\"><div class=\"post-categories\"><a class=\"post-category-item\" href=\"https:\/\/atuk.com.ec\/2025\/category\/blog\/\">Blog<\/a><\/div><\/div><div class=\"post-more-button\"><a href=\"https:\/\/atuk.com.ec\/2025\/gobiernos-locales-de-manabi-planifican-proyectos-para-la-adaptacion-al-cambio-climatico-basada-en-ecosistemas\"><span>Read More<\/span><svg viewBox=\"0 0 13 20\"><polyline points=\"0.5 19.5 3 19.5 12.5 10 3 0.5\" \/><\/svg><\/a><\/div>    <\/div>\n<\/div>            <\/div>\n\n            <div class=\"content-pagination\"><nav class=\"navigation pagination\" role=\"navigation\"><h2 class=\"screen-reader-text\">Pagination<\/h2><div class=\"nav-links\"><span aria-current=\"page\" class=\"page-numbers current\"><span class=\"button-inner\"><\/span>1<\/span>\n<a class=\"page-numbers\" href=\"https:\/\/atuk.com.ec\/2025\/wp-json\/wp\/v2\/pages\/24453\/?3ecf91a-paged=2\"><span class=\"button-inner\"><\/span>2<\/a>\n<a class=\"page-numbers\" href=\"https:\/\/atuk.com.ec\/2025\/wp-json\/wp\/v2\/pages\/24453\/?3ecf91a-paged=3\"><span class=\"button-inner\"><\/span>3<\/a>\n<span class=\"page-numbers dots\">&hellip;<\/span>\n<a class=\"page-numbers\" href=\"https:\/\/atuk.com.ec\/2025\/wp-json\/wp\/v2\/pages\/24453\/?3ecf91a-paged=11\"><span class=\"button-inner\"><\/span>11<\/a>\n<a class=\"page-numbers\" href=\"https:\/\/atuk.com.ec\/2025\/wp-json\/wp\/v2\/pages\/24453\/?3ecf91a-paged=12\"><span class=\"button-inner\"><\/span>12<\/a>\n<a class=\"next page-numbers\" href=\"https:\/\/atuk.com.ec\/2025\/wp-json\/wp\/v2\/pages\/24453\/?3ecf91a-paged=2\">Next<span class=\"button-inner\"><\/span><span class=\"icon-button-arrow left\"><\/span><span class=\"icon-button-arrow right\"><\/span><\/a><\/div><\/nav><\/div>        <\/div>\n        \t\t\t\t<\/div>\n\t\t\t\t<\/div>\n\t\t\t\t\t<\/div>\n\t\t\t\t<\/div>\n\t\t\t\t<\/div>\n\t\t","protected":false},"excerpt":{"rendered":"","protected":false},"author":2,"featured_media":0,"parent":0,"menu_order":0,"comment_status":"closed","ping_status":"closed","template":"","meta":{"footnotes":""},"class_list":["post-24453","page","type-page","status-publish","hentry"],"yoast_head":"<!-- This site is optimized with the Yoast SEO plugin v27.4 - https:\/\/yoast.com\/product\/yoast-seo-wordpress\/ -->\n<title>Blog ATUK - ATUK<\/title>\n<meta name=\"robots\" content=\"index, follow, max-snippet:-1, max-image-preview:large, max-video-preview:-1\" \/>\n<link rel=\"canonical\" href=\"https:\/\/atuk.com.ec\/2025\/blog\/\" \/>\n<meta property=\"og:locale\" content=\"es_ES\" \/>\n<meta property=\"og:type\" content=\"article\" \/>\n<meta property=\"og:title\" content=\"Blog ATUK - ATUK\" \/>\n<meta property=\"og:url\" content=\"https:\/\/atuk.com.ec\/2025\/blog\/\" \/>\n<meta property=\"og:site_name\" content=\"ATUK\" \/>\n<meta property=\"article:modified_time\" content=\"2025-10-04T02:06:53+00:00\" \/>\n<meta name=\"twitter:card\" content=\"summary_large_image\" \/>\n<script type=\"application\/ld+json\" class=\"yoast-schema-graph\">{\"@context\":\"https:\\\/\\\/schema.org\",\"@graph\":[{\"@type\":\"WebPage\",\"@id\":\"https:\\\/\\\/atuk.com.ec\\\/2025\\\/blog\\\/\",\"url\":\"https:\\\/\\\/atuk.com.ec\\\/2025\\\/blog\\\/\",\"name\":\"Blog ATUK - ATUK\",\"isPartOf\":{\"@id\":\"https:\\\/\\\/atuk.com.ec\\\/2025\\\/#website\"},\"datePublished\":\"2025-09-30T03:02:34+00:00\",\"dateModified\":\"2025-10-04T02:06:53+00:00\",\"breadcrumb\":{\"@id\":\"https:\\\/\\\/atuk.com.ec\\\/2025\\\/blog\\\/#breadcrumb\"},\"inLanguage\":\"es\",\"potentialAction\":[{\"@type\":\"ReadAction\",\"target\":[\"https:\\\/\\\/atuk.com.ec\\\/2025\\\/blog\\\/\"]}]},{\"@type\":\"BreadcrumbList\",\"@id\":\"https:\\\/\\\/atuk.com.ec\\\/2025\\\/blog\\\/#breadcrumb\",\"itemListElement\":[{\"@type\":\"ListItem\",\"position\":1,\"name\":\"Home\",\"item\":\"https:\\\/\\\/atuk.com.ec\\\/2025\\\/\"},{\"@type\":\"ListItem\",\"position\":2,\"name\":\"Blog ATUK\"}]},{\"@type\":\"WebSite\",\"@id\":\"https:\\\/\\\/atuk.com.ec\\\/2025\\\/#website\",\"url\":\"https:\\\/\\\/atuk.com.ec\\\/2025\\\/\",\"name\":\"ATUK\",\"description\":\"Consultor\u00eda Estrategica\",\"potentialAction\":[{\"@type\":\"SearchAction\",\"target\":{\"@type\":\"EntryPoint\",\"urlTemplate\":\"https:\\\/\\\/atuk.com.ec\\\/2025\\\/?s={search_term_string}\"},\"query-input\":{\"@type\":\"PropertyValueSpecification\",\"valueRequired\":true,\"valueName\":\"search_term_string\"}}],\"inLanguage\":\"es\"}]}<\/script>\n<!-- \/ Yoast SEO plugin. -->","yoast_head_json":{"title":"Blog ATUK - ATUK","robots":{"index":"index","follow":"follow","max-snippet":"max-snippet:-1","max-image-preview":"max-image-preview:large","max-video-preview":"max-video-preview:-1"},"canonical":"https:\/\/atuk.com.ec\/2025\/blog\/","og_locale":"es_ES","og_type":"article","og_title":"Blog ATUK - ATUK","og_url":"https:\/\/atuk.com.ec\/2025\/blog\/","og_site_name":"ATUK","article_modified_time":"2025-10-04T02:06:53+00:00","twitter_card":"summary_large_image","schema":{"@context":"https:\/\/schema.org","@graph":[{"@type":"WebPage","@id":"https:\/\/atuk.com.ec\/2025\/blog\/","url":"https:\/\/atuk.com.ec\/2025\/blog\/","name":"Blog ATUK - ATUK","isPartOf":{"@id":"https:\/\/atuk.com.ec\/2025\/#website"},"datePublished":"2025-09-30T03:02:34+00:00","dateModified":"2025-10-04T02:06:53+00:00","breadcrumb":{"@id":"https:\/\/atuk.com.ec\/2025\/blog\/#breadcrumb"},"inLanguage":"es","potentialAction":[{"@type":"ReadAction","target":["https:\/\/atuk.com.ec\/2025\/blog\/"]}]},{"@type":"BreadcrumbList","@id":"https:\/\/atuk.com.ec\/2025\/blog\/#breadcrumb","itemListElement":[{"@type":"ListItem","position":1,"name":"Home","item":"https:\/\/atuk.com.ec\/2025\/"},{"@type":"ListItem","position":2,"name":"Blog ATUK"}]},{"@type":"WebSite","@id":"https:\/\/atuk.com.ec\/2025\/#website","url":"https:\/\/atuk.com.ec\/2025\/","name":"ATUK","description":"Consultor\u00eda Estrategica","potentialAction":[{"@type":"SearchAction","target":{"@type":"EntryPoint","urlTemplate":"https:\/\/atuk.com.ec\/2025\/?s={search_term_string}"},"query-input":{"@type":"PropertyValueSpecification","valueRequired":true,"valueName":"search_term_string"}}],"inLanguage":"es"}]}},"_links":{"self":[{"href":"https:\/\/atuk.com.ec\/2025\/wp-json\/wp\/v2\/pages\/24453","targetHints":{"allow":["GET"]}}],"collection":[{"href":"https:\/\/atuk.com.ec\/2025\/wp-json\/wp\/v2\/pages"}],"about":[{"href":"https:\/\/atuk.com.ec\/2025\/wp-json\/wp\/v2\/types\/page"}],"author":[{"embeddable":true,"href":"https:\/\/atuk.com.ec\/2025\/wp-json\/wp\/v2\/users\/2"}],"replies":[{"embeddable":true,"href":"https:\/\/atuk.com.ec\/2025\/wp-json\/wp\/v2\/comments?post=24453"}],"version-history":[{"count":8,"href":"https:\/\/atuk.com.ec\/2025\/wp-json\/wp\/v2\/pages\/24453\/revisions"}],"predecessor-version":[{"id":25187,"href":"https:\/\/atuk.com.ec\/2025\/wp-json\/wp\/v2\/pages\/24453\/revisions\/25187"}],"wp:attachment":[{"href":"https:\/\/atuk.com.ec\/2025\/wp-json\/wp\/v2\/media?parent=24453"}],"curies":[{"name":"wp","href":"https:\/\/api.w.org\/{rel}","templated":true}]}}